s. Let b = -8420 - -8419. What is o(b)?
-12
Let b(g) be the second derivative of -g**4/12 + g**3/6 + 3*g**2/2 - 136*g. Give b(3).
-3
Let x(f) be the third derivative of -7*f**6/60 + f**5/60 - 3*f**2. Let j be -3*((-48)/18 - -3). Give x(j).
15
Let n(c) be the third derivative of -c**4/24 + c**3/2 + 15*c**2. Let y be ((-4)/5)/(28/(-70)). Give n(y).
1
Let l(z) = -2*z**2 + 11*z + 10. Let x = 1501 - 1495. Determine l(x).
4
Let f(x) = -289*x - 3*x**2 - 2*x**3 + 5*x**3 - 3*x**3 - x**3 + 287*x. Calculate f(-3).
6
Let l(v) = v**2 - 4. Let a be l(2). Suppose a = 5*h + 5*q - 40, 4*h + 0*q + 2*q = 40. Let i = h - 10. Let y(w) = w - 1. Give y(i).
1
Let m(k) = 6*k**3 + 14*k**2 - 11*k - 35. Let g(p) = p**3 + 3*p**2 - 2*p - 7. Let n(q) = -11*g(q) + 2*m(q). What is n(5)?
7
Suppose -4 = 3*u + 8. Let r(d) = -7*d - 10. Give r(u).
18
Let h(a) = -22*a**2 - 67*a - 14. Let s(c) = 34*c**2 + 102*c + 22. Let r(j) = 8*h(j) + 5*s(j). Give r(-4).
6
Let v(c) = 14*c + 6. Let d(k) = -k**2 - 2*k + 18. Let r be d(-5). Calculate v(r).
48
Let a(h) = -846*h - 26*h**2 + 27*h**2 + 853*h. Calculate a(-7).
0
Let y = 47 + -67. Let k = y + 25. Suppose -k*x - 1 = -4*w, 4*w + 4*x + 9 = 1. Let g(i) = -2*i**3 + i**2 - 1. What is g(w)?
2
Let n(k) be the third derivative of -k**5/60 - 5*k**4/12 + k**3/3 - 54*k**2. What is n(-8)?
18
Let r(w) = 4*w**2 + 3*w**2 - 2 - 5*w**2 + w**3 - w - 3*w**2. Let j(o) = 63*o - 817. Let u be j(13). Give r(u).
0
Let n(x) = -x**3 - x**2. Let k(q) = q**2 - 29*q + 26. Let d be k(28). Give n(d).
4
Let x be (-238)/10 - (-12)/(-60). Let a be (-18)/x - 5/(-20). Let j(u) = u**3 - u + 1. Calculate j(a).
1
Let y be (-3)/5 + 2/(-5). Let f be (1 - (1 - y))*-1. Let p(u) = -2 + 3 - 2 + 6*u. Determine p(f).
5
Let j(u) be the first derivative of u**4/4 + u**3 + u**2/2 - u + 1. Let g = -22 - -19. Determine j(g).
-4
Let t(i) = 4*i**3 - 9*i**2 - i - 3. Let j(y) = 10*y**3 - 24*y**2 - 3*y - 8. Let n(h) = 3*j(h) - 8*t(h). Let s = -3 + 4. Determine n(s).
-3
Let i = 17 - 12. Let u(x) = x - 1 + 4*x - 2*x + i*x. What is u(-1)?
-9
Let d(u) = -39*u**2 - 4*u + 54. Let x(r) = 29*r**2 + 3*r - 39. Let p(s) = 8*d(s) + 11*x(s). Give p(-2).
29
Let f be -4*(3 - 4) + -2. Let i(k) = 4 + 2*k**f - 13 - 2*k + 5*k**2 + 8. Let g = 0 + -1. Determine i(g).
8
Let o(s) be the second derivative of 3/2*s**2 + 1/3*s**3 + 0 + 2*s - 1/12*s**4. Let j(p) = p + 9. Let d be j(-11). What is o(d)?
-5
Let b(g) = -g - 7. Suppose -4*h + 12 = 3*r - 4, 5*h - 20 = -5*r. Suppose 2*m - 2*n = 10, -2*n - 12 + 4 = r. Let d be (-2 - (-3 - m)) + -7. Calculate b(d).
-2
Let l(g) = -4*g**2 + 8*g - 1. Let p(k) = -21*k**2 + 41*k - 5. Let t(v) = -11*l(v) + 2*p(v). Let a(y) = y**2 - 34*y + 124. Let j be a(4). What is t(j)?
9
Let c(i) = i**3 - 8*i**2 + 6*i. Suppose -8*g = -7*g - 35. Suppose 15*b = 10*b + g. Give c(b).
-7
Let m(y) = -8*y**2 - 71*y + 12. Let v be m(-9). Let u(i) = i**2 - 4. Calculate u(v).
5
Let l(m) = m + 1. Let n be l(-1). Suppose 4*x - 4 = -n. Let r(z) be the first derivative of z**4/4 - 2*z**3/3 - 3. Determine r(x).
-1
Let a = -308 + 311. Let s(f) be the third derivative of 0*f - 2/3*f**a + 0 - 2*f**2 + 1/8*f**4 - 1/60*f**5. Determine s(3).
-4
Let p(q) be the first derivative of q**4/4 + q**3/3 + q**2/2 + 35*q - 471. Determine p(0).
35
Let b = -1340 + 1349. Let r(g) = 3*g**2 - 26*g - 8. Determine r(b).
1
Suppose -70 = 5*w + 5*n, -4*n + 8 = -2*w - n. Suppose -18 + 66 = -3*z. Let k = z - w. Let g(a) = -a**3 - 5*a**2 + 5*a - 5. Give g(k).
1
Let x(z) = z**2 + z - 5. Let t(d) = 3*d**2 + 19*d - 13. Let c(u) = t(u) - 2*x(u). Calculate c(-15).
-33
Suppose 0 = 3*v - 2 - 1. Let n(x) = 0*x - 2*x + 0*x + 4*x**3 + 1 + 50*x**2 - 49*x**2. What is n(v)?
4
Let h(m) be the second derivative of -2*m**3/3 - 17*m**2/2 - 30*m + 5. Calculate h(-7).
11
Let s(u) = -8*u**3 + 2*u**2 + 3. Let f(o) = -15*o**3 + 5*o**2 + 7. Let y be -2 - (-2)/2*5. Let d(m) = y*f(m) - 7*s(m). Let j = -52 + 51. What is d(j)?
-10
Let u(b) = 9*b - 9. Let o(l) = -5*l + 5. Let g(c) = -7*o(c) - 4*u(c). Let n(w) = -6*w + 7. Let f(d) = 4*g(d) - n(d). Give f(7).
11
Let q(s) be the first derivative of -7*s**4/4 - 2*s**3/3 - s**2/2 + 48. Determine q(-1).
6
Suppose 0 = 5*j + 4*d + 286, -136 - 33 = 3*j + 5*d. Let h be (-1)/(j/12 - -5). Let n(t) = -t**2 - 4*t + 8. Determine n(h).
-4
Let x(g) = 6*g - 14. Let c(r) = r. Let t(f) = -5*c(f) + x(f). Let m be t(8). Let n(v) = -v + 8. Calculate n(m).
14
Suppose 0*o = -3*o - z - 20, 0 = -4*o - 5*z - 12. Let k be (-1*6/(-12))/((-1)/o). Let v(s) = -s**3 + 3*s**2 + 6*s - 2. What is v(k)?
6
Let c(z) = -3*z + 4. Let g = 42 + -28. Let s = -11 + g. Determine c(s).
-5
Let w = -174 - -171. Let a(v) = -14*v - 4. Calculate a(w).
38
Let z(u) = -u**2 + 62*u - 229. Let i be z(58). Let k(j) = 2*j + 1. Let w(x) = 1. Let f(l) = -k(l) + w(l). What is f(i)?
-6
Let r(q) = -q + 6. Let k be ((-1)/2)/(120/(-240)). Calculate r(k).
5
Let x(g) = -11*g - 209. Let p be x(-19). Let o(a) = -a**3 - a**2 + a - 32. Calculate o(p).
-32
Let t(f) = f**2 - 4*f + 2. Let i be (399/(-14))/((-2)/(-4) + 0). Let k = 59 + i. What is t(k)?
-2
Let g(w) = w**3 - 9*w + 3*w - 84*w**2 - 7 + 90*w**2. Calculate g(-7).
-14
Let u = -516 + 510. Suppose 2*d + 4 = 3*d. Let c(v) = -d*v + 13 + v + 2*v + 2*v. Give c(u).
7
Let a be 837/124 - (-1)/4. Let j(g) = -g**3 + 7*g**2 - 4*g - 10. Calculate j(a).
-38
Let t(z) = -z**3 + 5*z**2 - 2*z + 2. Suppose -5*m + 9 = -2*m. Suppose -m*h = h. Suppose h = 12*v - 10*v - 10. What is t(v)?
-8
Let x(w) = 4*w. Let m(n) = n - 1. Let u(l) = -2*m(l) + x(l). What is u(3)?
8
Let n(h) = -19*h**3 - 11*h - 15. Let p(v) = -8*v**3 - 5*v - 7. Let b(j) = 3*n(j) - 7*p(j). Give b(-2).
8
Let r(z) be the first derivative of z**2 - 7*z - 51. Let p(f) = -4*f + 10. Let i(a) = -a. Let l(o) = -i(o) + p(o). Let x(t) = 5*l(t) + 7*r(t). Give x(5).
-4
Let z(j) = -5*j + 37. Let u be z(7). Let p(d) = -3*d**3 + 2*d**2 - d + 1. Calculate p(u).
-17
Let t(f) = -2*f**2 - f - 7. Let p be t(-3). Let g = 26 + p. Let w be -6 + (-4)/g*-2. Let q(u) = 2*u**2 + 4*u - 1. Give q(w).
15
Let m(g) = -g**2 - 2*g - 1. Let s(h) = 5*h**2 + 13. Let i(o) = -4*m(o) - s(o). Suppose -4*w = w - 65. Let b = -6 + w. What is i(b)?
-2
Let i(q) = 4*q**2 - 13*q + 4. Let b(d) = 3*d**2 - 11*d + 4. Let n(h) = -5*b(h) + 4*i(h). Give n(-7).
24
Let j be -10*(-3)/(-6)*1. Let h(a) = 2 - 7 + 4*a - 5*a. Let d be h(j). Let z(c) = c**3 + c - 4. Determine z(d).
-4
Let t(r) = r + 4. Suppose 17*y - 52 = 4*y. Let l(d) = d + 5. Let u(b) = y*l(b) - 5*t(b). Calculate u(0).
0
Suppose -p = -3*y - y, 4*p + 2*y - 18 = 0. Suppose 0 = -3*a + x + 4*x - 17, -12 = 2*a - p*x. Let i(q) = -q**3 - 4*q**2 + 3*q + 1. Give i(a).
-11
Let z(l) = l**3 + 29*l**2 + 76*l - 57. Let s be z(-26). Let w(q) = -q**3 - 6*q**2 - 7*q - 3. Determine w(s).
7
Let d(g) = -3*g**2 + 12*g + 4. Let f be ((-9)/18)/((-3)/(-6)). Let a(z) = z**2 - z. Let u(i) = f*d(i) - 4*a(i). Calculate u(-7).
3
Let z(h) = -h - 7. Suppose 0*d = 2*d - 4. Suppose 0 = -6*m + d*m - 24. Let f be z(m). Let c(s) = -2*s**2. Determine c(f).
-2
Let t(d) = -d**2 - 16*d - 35. Let m be t(-15). Let b(k) = k**2 + 22*k + 37. Let i be b(m). Let g(v) = v**2 + 3. Calculate g(i).
12
Let y(k) be the third derivative of 1/60*k**5 + 0 + 0*k**3 - 45*k**2 + 1/24*k**4 + 0*k. What is y(-1)?
0
Let c(w) = -71*w - 31. Let x(q) = -83*q - 32. Let b(v) = 7*c(v) - 6*x(v). Determine b(12).
-13
Suppose 0 = j, -2*d - d - 3 = 3*j. Let h(i) be the third derivative of i**6/15 - i**5/30 - i**4/24 - 5*i**2. What is h(d)?
-9
Let a(s) = 14 + 8*s + 10*s**2 - 3*s**2 - 5 + s**3. Let u be a(-6). Let n(h) = 3*h + 1. What is n(u)?
-8
Let v(s) = -2*s + 3. Suppose -3*k = -5*k + 2*b + 20, -k + 15 = -2*b. Calculate v(k).
-7
Let u = -92 - -98. Let d(r) be the second derivative of 0 - u*r + 3/2*r**2 + 1/12*r**4 + r**3. Determine d(-4).
-5
Let z(v) be the second derivative of v**5/10 + v**3/6 + 29*v - 5. Let c be (3/4)/((-2)/(-8)). Suppose -2*l + l = -c*a - 1, 3*a + 9 = -3*l. Calculate z(a).
-3
Let c(q) = 5*q + 7. Let a(i) = -5*i + 0 - i - 7. Let y(h) = -4*a(h) - 5*c(h). Let r be y(-6). Let g(v) = -2*v. Calculate g(r).
2
Let i be (-9 - -6)*(-5)/3. Let y(f) = -i*f - 5*f**2 + 3*f + f**3 - 2*f**3 + f. Let r(q) = 6*q + 43. Let u be r(-8). Calculate y(u).
5
Let z(l) = 5*l - 1. Let b(t) be the first derivative of -11*t**2/2 + 2*t - 5. Let d(i) = 6*b(i) + 13